+ f**2 + 4*f + 15. Give d(-3).
-42
Let z(q) = 9*q + 156. Calculate z(-17).
3
Let v(y) = -24*y - 108. What is v(-3)?
-36
Let d(t) = t**2 - 9*t - 6. Give d(10).
4
Let g(p) = 3*p + 10. What is g(-13)?
-29
Let b(o) = 2*o**2 - 10*o - 22. Determine b(7).
6
Let r(c) = -60*c**3 + 2*c**2 + 2*c + 1. Give r(-1).
61
Let i(d) = 12*d - 59. What is i(5)?
1
Let l(y) = -y**3 - y**2 - 3*y + 83. Give l(0).
83
Let n(x) = x**3 + 30*x**2 + 24*x - 47. What is n(-29)?
98
Let j(k) = -3*k**2 + 4*k - 2. Calculate j(2).
-6
Let c(b) = 8*b**3 + 3*b**2 + 4*b + 2. Determine c(-1).
-7
Let t(f) = -f**2 + 12*f + 11. What is t(-7)?
-122
Let n(k) = -k + 15. Give n(7).
8
Let i(x) = 2*x - 6. Determine i(-9).
-24
Let h(y) = -63*y**3 - 2*y**2 + 1. Calculate h(1).
-64
Let q(y) = 11*y - 29. Calculate q(3).
4
Let p(o) = o**2 + 12*o - 6. Give p(-10).
-26
Let r(m) = 14*m + 7. Determine r(-3).
-35
Let b(w) = w - 22. Give b(17).
-5
Let v(o) = 2*o + 46. Determine v(-16).
14
Let z(m) = m**3 - 2*m + 5. Give z(-3).
-16
Let n(m) = -m**2 + 7*m - 5. Determine n(5).
5
Let t(r) = 37*r + 3. What is t(2)?
77
Let t(r) = r**2 - 10*r - 8. Give t(6).
-32
Let t(m) = -4*m - 8. Calculate t(3).
-20
Let g(n) = 13*n + 105. Calculate g(-9).
-12
Let t(l) = -l**2 - 20*l - 84. Determine t(-11).
15
Let i(g) = g**3 + 36*g**2 + g + 5. Calculate i(-36).
-31
Let q(u) = 2*u**2 + 26*u + 4. Determine q(-12).
-20
Let h(p) = -14*p**2 + 3*p - 4. What is h(1)?
-15
Let z(s) = s**3 + 4*s**2 - 2*s + 19. Give z(-5).
4
Let j(f) = -2*f**2 - 4*f - 8. Calculate j(-6).
-56
Let x(j) = 3*j**2 + 10*j - 14. Determine x(-4).
-6
Let w(i) = -2*i**2 - 7*i - 3. Determine w(-3).
0
Let u(l) = -l**2 - 6*l + 13. Give u(-11).
-42
Let s(f) = -f + 9. Give s(11).
-2
Let z(i) = i**3 + i. Calculate z(-2).
-10
Let d(f) = -f**3 - 9*f**2 + 4*f + 47. What is d(-9)?
11
Let h(q) = q**3 - 5*q**2 - 4*q + 7. Calculate h(6).
19
Let k(b) = 8*b**2 - b - 1. What is k(-1)?
8
Let l(r) = r**3 - 11*r**2 + 14*r - 22. Determine l(10).
18
Let j(n) = -4*n**2 - 2*n - 2. Calculate j(-3).
-32
Let g(m) = -3*m + 13. Give g(3).
4
Let o(y) = -2*y**3 + y**2 - 4*y + 4. Give o(2).
-16
Let s(u) = -u - 13. Determine s(-8).
-5
Let n(l) = 11*l**2 + 2*l - 1. What is n(1)?
12
Let x(f) = -2*f**3 - f**2 - f + 2. Determine x(1).
-2
Let c(z) = 2*z + 15. Calculate c(-10).
-5
Let s(i) = i**2 + 11*i + 13. Give s(-10).
3
Let n(i) = i**2 - 23*i - 54. What is n(0)?
-54
Let b(t) = -11*t**3 - 2*t**2 + 2*t - 1. Calculate b(1).
-12
Let j(q) = 2*q + 18. Give j(-4).
10
Let c(z) = -z**3 + 10*z**2 - 3*z - 14. Determine c(9).
40
Let j(h) = 2*h - 9. What is j(7)?
5
Let l(v) = -4*v**2 - v - 1. Determine l(-1).
-4
Let t(d) = -26*d + 522. Calculate t(20).
2
Let d(o) = -4*o**3 - 3*o**2 - o + 1. Calculate d(-1).
3
Let p(l) = l - 6. Give p(14).
8
Let k(x) = x**3 + 26*x**2 - 56*x + 6. Determine k(-28).
6
Let m(i) = -9*i - 5. Give m(-5).
40
Let f(n) = -n**3 + 4*n**2 + 5*n - 5. Give f(5).
-5
Let p(f) = 3*f**2 + 19*f + 33. Give p(-5).
13
Let r(n) = 7*n - 34. What is r(4)?
-6
Let m(i) = i**2 - 9*i - 2. Determine m(8).
-10
Let v(a) = -a**3 - 18*a**2 + a + 20. Determine v(-18).
2
Let s(z) = z**3 + 27*z**2 + 170*z. Determine s(-10).
0
Let i(j) = j**3 + 11*j**2 - 26*j - 163. Calculate i(-12).
5
Let u(q) = -q**3 - 2*q**2 - 2*q. Calculate u(-2).
4
Let l(p) = -2*p**3 + 7*p**2 - 9*p + 15. What is l(4)?
-37
Let t(p) = 4*p - 3. Calculate t(4).
13
Let y(q) = -q**2 - 8*q - 11. What is y(-7)?
-4
Let p(h) = 6*h + 10. What is p(-1)?
4
Let f(x) = x + 10. What is f(-10)?
0
Let j(l) = -l**2 - l - 2. What is j(2)?
-8
Let k(c) = -10*c - 17. Give k(3).
-47
Let f(w) = -w**2 - 3*w + 42. Determine f(-9).
-12
Let w(c) = -4*c**2 - 10*c. Determine w(-3).
-6
Let q(p) = -p**3 + p**2 + 1. What is q(2)?
-3
Let g(w) = -11*w + 1. Give g(3).
-32
Let t(x) = -x**3 + 5*x**2 + 4*x - 6. What is t(7)?
-76
Let f(m) = -11*m + 26. Give f(11).
-95
Let i(l) = -l**3 + 5*l**2 - l - 4. Calculate i(5).
-9
Let f(g) = g**2 - 26*g + 57. Determine f(24).
9
Let h(m) = -m**2 + 28. Determine h(0).
28
Let r(m) = -3*m + 3. Determine r(1).
0
Let o(g) = -g**2 + 3*g + 6. Calculate o(6).
-12
Let p(x) = x**2 - 9*x + 7. Calculate p(8).
-1
Let c(w) = 30*w + 12. Calculate c(3).
102
Let t(v) = v. Give t(-4).
-4
Let h(w) = -w**3 - 10*w**2 + 9*w. Give h(-11).
22
Let x(q) = -70*q + 2. What is x(2)?
-138
Let h(m) = 10*m**2 - m. Calculate h(-1).
11
Let l(y) = -12*y + 75. Calculate l(6).
3
Let l(j) = -j**3 + 7*j**2 - 8*j + 13. Calculate l(6).
1
Let k(t) = -7*t - 26. What is k(-5)?
9
Let a(i) = i**2 - 6*i + 22. Give a(9).
49
Let t(n) = n**2 - 14*n + 27. Determine t(11).
-6
Let k(v) = 3*v - 132. Calculate k(30).
-42
Let o(m) = -186*m + 4. Give o(1).
-182
Let l(m) = m**2 + 11*m - 87. Calculate l(5).
-7
Let c(n) = -5*n**3 + n + 4. Give c(-2).
42
Let o(j) = 5*j - 11. Give o(6).
19
Let r(z) = -29*z - 784. What is r(-27)?
-1
Let s(y) = y**2 + 32*y + 81. Calculate s(-3).
-6
Let o(l) = 19*l. Determine o(1).
19
Let b(o) = o**3 - 3*o**2 - 5*o + 9. Determine b(2).
-5
Let g(l) = -139*l + 4. Calculate g(-1).
143
Let u(z) = z**2 - 10*z + 10. Determine u(10).
10
Let i(q) = -q**2 - 5*q - 1. Calculate i(-1).
3
Let v(k) = k**2 + 35*k + 155. Give v(-30).
5
Let k(r) = -20*r**3 + 2*r**2 - 1. Calculate k(1).
-19
Let r(d) = d**3 + 17*d**2 + 21*d + 19. Give r(-16).
-61
Let c(p) = 33*p - 6. What is c(-2)?
-72
Let r(y) = 3*y - 4. Determine r(9).
23
Let g(t) = -20*t - 1. Give g(2).
-41
Let x(h) = -h**2 + h - 28. Calculate x(0).
-28
Let s(i) = -9*i**2 - 3*i. Give s(-2).
-30
Let g(j) = -6*j + 45. Calculate g(8).
-3
Let a(d) = -17*d + 331. Calculate a(20).
-9
Let o(j) = -3*j**2 + 26*j + 6. Give o(9).
-3
Let g(v) = -16*v - 29. Determine g(-5).
51
Let s(v) = v**3 - 15*v**2 + 15*v - 11. Determine s(14).
3
Let k(j) = j**2 + 3*j - 3. What is k(-5)?
7
Let c(p) = -p**2 - 4*p + 5. Give c(1).
0
Let h(w) = -w**3 - 5*w**2 + 8*w - 1. Give h(-6).
-13
Let i(z) = z**3 + 21*z**2 - 46*z + 9. Give i(-23).
9
Let v(f) = f**3 + 7*f**2 - f + 5. Calculate v(-7).
12
Let r(i) = i**2 + 4*i + 76. Determine r(-7).
97
Let l(h) = -h**3 + 5*h**2 - 4. Give l(2).
8
Let b(o) = -13*o + 13. What is b(4)?
-39
Let a(y) = y**3 - 5*y**2 + y + 7. Calculate a(5).
12
Let a(c) = -2*c - 81. What is a(-44)?
7
Let v(h) = -h**2 + 25*h - 7. Calculate v(24).
17
Let u(h) = 13*h - 7. Calculate u(6).
71
Let r(n) = n**3 - 3*n**2 - n + 2. Determine r(1).
-1
Let n(b) = -b**2 + 11*b + 45. What is n(16)?
-35
Let y(q) = -10*q - 5. Determine y(8).
-85
Let c(u) = -6*u - 44. Determine c(-6).
-8
Let o(y) = y**2 + 28*y + 60. Calculate o(-26).
8
Let b(i) = i**3 - 9*i**2 + 9*i - 11. Calculate b(8).
-3
Let c(d) = d**3 + 9*d**2 - 70. Determine c(-8).
-6
Let p(b) = b**2 + 19*b + 34. Determine p(-17).
0
Let z(b) = 5*b**2 + 65*b + 8. Determine z(-13).
8
Let d(k) = -k**2 + 19*k + 35. Determine d(20).
15
Let f(r) = 2*r - 2. What is f(-17)?
-36
Let c(q) = -q**3 - 9*q**2 + 8*q - 4. What is c(-10)?
16
Let l(m) = -2*m + 37. What is l(-10)?
57
Let z(o) = 2*o - 35. Determine z(31).
27
Let a(x) = -112*x - 112. Calculate a(-1).
0
Let w(f) = 7*f + 44. Calculate w(-5).
9
Let s(p) = 2*p + 15. What is s(4)?
23
Let x(u) = u**2 + 32*u - 149. Determine x(-36).
-5
Let o(h) = h + 7. Determine o(-14).
-7
Let h(w) = w**3 - 4*w - 3. Give h(-3).
-18
Let n(s) = -5*s + 1. Give n(-6).
31
Let w(f) = -f**2 - 20*f - 91. Calculate w(-7).
0
Let b(j) = j**3 - 5*j**2 + 3*j - 3. Give b(5).
12
Let b(k) = 7*k**2 + k. What is b(-1)?
6
Let u(h) = -61*h - 198. What is u(-3)?
-15
Let s(a) = -a**2 - 6*a + 8. Give s(-5).
13
Let q(y) = -19*y + 65. Give q(7).
-68
Let a(y) = 2*y**2 - y - 22. Determine a(0).
-22
Let o(f) = -20*f + 34. Give o(3).
-26
Let g(y) = -4*y - 41. Determine g(-8).
-9
Let a(p) = -p**2 - 5*p + 5. What is a(-7)?
-9
Let y(f) = f**3 - 10*f**2 + 8*f + 1. What is y(9)?
-8
Let y(r) = -r**3 - 6*r**2 + 3*r + 6. Give y(-7).
34
Let p(j) = j**3 + 8*j**2 + 12*j - 11. What is p(-6)?
-11
Let l(z) = -16*z**2 - z + 1. Give l(-1).
-14
Let n(z) = -10*z**2 + 9*z + 8. What is n(-1)?
-11
Let d(n) = -11*n + 5. What is d(1)?
-6
Let y(f) = -69*f**2 - 481*f + 6. What is y(-7)?
-8
Let v(x) = -33*x**3 + x**2 + 3*x. Determine v(-1).
31
Let u(g) = 21*g + 42. Determine u(-2).
0
Let t(p) = -p - 13. What is t(-10)?
-3
Let s(y) = -y**3 + 8*y**2 + y + 4. Determine s(7).
60
Let a(j) = -5*j - 4. Give a(-3).
11
Let a(l) = 6*l**2 + 8*l - 66. What i